226?
False
Is 3572 a multiple of 19?
True
Is 780 a multiple of 60?
True
Is 12180 a multiple of 28?
True
Is 4464 a multiple of 18?
True
Is 48 a factor of 60?
False
Is 4788 a multiple of 21?
True
Is 14 a factor of 4214?
True
Does 2 divide 10?
True
Is 5 a factor of 1000?
True
Is 1084 a multiple of 145?
False
Does 20 divide 4120?
True
Is 7 a factor of 249?
False
Is 44964 a multiple of 240?
False
Is 660 a multiple of 66?
True
Is 163 a multiple of 9?
False
Is 14012 a multiple of 24?
False
Is 5115 a multiple of 165?
True
Is 330 a factor of 34458?
False
Is 10 a factor of 63488?
False
Does 8 divide 712?
True
Is 38855 a multiple of 5?
True
Does 13 divide 38487?
False
Is 52 a factor of 8372?
True
Is 61 a factor of 65779?
False
Is 540 a multiple of 15?
True
Does 37 divide 6968?
False
Is 281 a factor of 93573?
True
Does 35 divide 4200?
True
Is 203 a factor of 10941?
False
Does 3 divide 155?
False
Is 11913 a multiple of 33?
True
Is 64960 a multiple of 16?
True
Is 24 a factor of 471?
False
Does 85 divide 6630?
True
Is 11 a multiple of 4?
False
Does 5 divide 1565?
True
Is 500 a multiple of 6?
False
Does 11 divide 5016?
True
Is 5 a factor of 1745?
True
Does 58 divide 33814?
True
Does 53 divide 4505?
True
Is 33 a multiple of 16?
False
Is 113 a factor of 22374?
True
Is 4130 a multiple of 35?
True
Is 2284 a multiple of 22?
False
Is 304 a multiple of 4?
True
Does 12 divide 23240?
False
Is 95 a factor of 1253?
False
Does 250 divide 65250?
True
Is 12 a factor of 1237?
False
Is 76 a factor of 1587?
False
Is 164 a factor of 26076?
True
Does 90 divide 9119?
False
Does 13 divide 869?
False
Is 40 a factor of 520?
True
Does 83 divide 2323?
False
Is 1788 a multiple of 12?
True
Is 42 a factor of 32153?
False
Is 4320 a multiple of 32?
True
Is 11 a factor of 682?
True
Is 594 a multiple of 27?
True
Is 31417 a multiple of 89?
True
Does 31 divide 8426?
False
Is 23 a factor of 2162?
True
Is 5010 a multiple of 16?
False
Is 492 a multiple of 12?
True
Is 5 a factor of 180?
True
Is 26 a factor of 1011?
False
Is 15040 a multiple of 64?
True
Does 11 divide 319?
True
Does 40 divide 960?
True
Does 238 divide 41891?
False
Is 83 a multiple of 3?
False
Does 33 divide 7128?
True
Is 3100 a multiple of 50?
True
Does 17 divide 21426?
False
Is 601 a multiple of 11?
False
Is 81 a factor of 29436?
False
Is 15 a factor of 300?
True
Does 33 divide 9768?
True
Does 54 divide 756?
True
Is 332 a factor of 84660?
True
Is 73665 a multiple of 7?
False
Is 981 a multiple of 36?
False
Is 6 a factor of 277?
False
Is 10 a factor of 772?
False
Is 18678 a multiple of 18?
False
Is 4704 a multiple of 21?
True
Is 3612 a multiple of 176?
False
Is 12 a factor of 45096?
True
Does 17 divide 646?
True
Does 10 divide 22270?
True
Is 221 a factor of 12461?
False
Is 8 a factor of 216?
True
Is 9 a factor of 161?
False
Is 3059 a multiple of 7?
True
Does 3 divide 61?
False
Is 2189 a multiple of 15?
False
Does 7 divide 40788?
False
Is 306 a multiple of 9?
True
Is 10 a factor of 482?
False
Is 98 a multiple of 2?
True
Is 240 even?
True
Is 9 a factor of 693?
True
Is 38404 a multiple of 4?
True
Is 1936 a multiple of 88?
True
Is 48974 a multiple of 121?
False
Is 434 a multiple of 31?
True
Does 144 divide 4032?
True
Does 128 divide 32025?
False
Does 25 divide 664?
False
Does 5 divide 485?
True
Is 7 a factor of 18352?
False
Is 77 a factor of 3773?
True
Is 19 a factor of 1973?
False
Is 3 even?
False
Is 9 a factor of 11097?
True
Is 10 a factor of 5205?
False
Is 165 a factor of 43652?
False
Is 14 a factor of 52?
False
Is 21 a factor of 2172?
False
Is 44 a factor of 24112?
True
Does 73 divide 9636?
True
Is 32 a factor of 3803?
False
Is 21 a factor of 1785?
True
Is 56832 a multiple of 32?
True
Does 45 divide 5805?
True
Is 9 a factor of 1473?
False
Does 147 divide 30814?
False
Is 46 a factor of 690?
True
Is 961 a multiple of 58?
False
Is 19 a factor of 437?
True
Is 157 a factor of 4319?
False
Is 10 a factor of 112620?
True
Is 675 a multiple of 9?
True
Is 126 a factor of 8900?
False
Is 2125 a multiple of 14?
False
Is 208 a factor of 7685?
False
Is 31045 a multiple of 35?
True
Does 7 divide 1205?
False
Does 234 divide 53409?
False
Does 5 divide 985?
True
Does 338 divide 93964?
True
Is 14 a factor of 1358?
True
Is 501 a multiple of 15?
False
Is 2575 a multiple of 53?
False
Is 4 a factor of 19485?
False
Does 15 divide 4875?
True
Is 968 a multiple of 4?
True
Is 7 a factor of 13818?
True
Does 12 divide 27888?
True
Is 4 a factor of 118?
False
Does 11 divide 1646?
False
Is 10332 a multiple of 6?
True
Is 10 a factor of 2084?
False
Is 7 a factor of 263?
False
Does 17 divide 246?
False
Is 24 a factor of 21648?
True
Is 9 a factor of 126?
True
Is 13175 a multiple of 47?
False
Does 8 divide 108?
False
Does 5 divide 2117?
False
Does 25 divide 475?
True
Does 61 divide 1708?
True
Is 5552 a multiple of 16?
True
Is 15 a factor of 1224?
False
Is 36685 a multiple of 145?
True
Does 31 divide 403?
True
Does 79 divide 62967?
False
Does 24 divide 5389?
False
Does 41 divide 7380?
True
Is 137 a factor of 685?
True
Does 19 divide 38?
True
Is 1607 a multiple of 40?
False
Does 65 divide 169?
False
Is 4824 a multiple of 67?
True
Is 149 a multiple of 13?
False
Is 30 a factor of 13158?
False
Is 7 a factor of 248?
False
Is 846 a multiple of 9?
True
Does 58 divide 12644?
True
Does 16 divide 2288?
True
Is 25 a factor of 87125?
True
Is 30723 a multiple of 133?
True
Is 17050 a multiple of 22?
True
Is 12 a factor of 3079?
False
Is 18 a factor of 207?
False
Is 360 a multiple of 6?
True
Is 341 a multiple of 6?
False
Does 102 divide 44699?
False
Is 14 a factor of 15087?
False
Is 280 a multiple of 8?
True
Does 40 divide 480?
True
Does 24 divide 6135?
False
Is 162825 a multiple of 65?
True
Is 9380 a multiple of 134?
True
Does 3 divide 166?
False
Is 1323 a multiple of 7?
True
Is 22 a factor of 6908?
True
Is 5 a factor of 30?
True
Is 10 a factor of 68?
False
Is 234 a multiple of 3?
True
Is 90 a factor of 7201?
False
Does 2 divide 1567?
False
Is 113 a factor of 34245?
False
Is 19 a factor of 272?
False
Is 485 a multiple of 6?
False
Is 684 a multiple of 12?
True
Is 37 a factor of 35150?
True
Is 136 a multiple of 9?
False
Does 5 divide 11424?
False
Does 23 divide 345?
True
Is 14 a factor of 672?
True
Does 6 divide 56844?
True
Is 1906 a multiple of 9?
False
Does 42 divide 8189?
False
Does 19 divide 2109?
True
Is 73 a factor of 876?
True
Does 29 divide 15886?
False
Does 12 divide 38365?
False
Does 15 divide 59781?
False
Is 255 a multiple of 51?
True
Does 6 divide 490?
False
Does 10 divide 116?
False
Is 6849 a multiple of 25?
False
Is 6 a factor of 154?
False
Is 11 a factor of 1551?
True
Is 60 a multiple of 15?
True
Does 26 divide 832?
True
Does 83 divide 2739?
True
Is 19 a factor of 2223?
True
Is 5 a factor of 1447?
False
Is 8 a factor of 176?
True
Is 21 a factor of 210?
True
Is 361 a multiple of 122?
False
Is 7649 a multiple of 71?
False
Is 8 a factor of 1964?
False
Is 12996 a multiple of 36?
True
Is 24780 a multiple of 10?
True
Is 51 a factor of 2133?
False
Is 4 a factor of 341?
False
Is 8 a factor of 1416?
True
Is 25 a factor of 13250?
True
Does 21 divide 147?
True
Does 158 divide 10572?
False
Is 120042 a multiple of 117?
True
Is 88 a factor of 5632?
True
Is 55 a factor of 305?
False
Is 1372 even?
True
Is 11 a factor of 10441?
False
Is 13 a factor of 843?
False
Is 16742 a multiple of 56?
False
Is 2 a factor of 2476?
True
Does 7 divide 238?
True
Is 20611 a multiple of 146?
False
Is 4141 a multiple of 41?
True
Is 12 a factor of 1898?
False
Is 2370 a multiple of 30?
True
Is 398 a multiple of 23?
False
Does 23 divide 2668?
True
Does 18 divide 432?
True
Is 637 a multiple of 13?
True
Is 30 a factor of 6870?
True
Does 17 divide 238?
True
Is 178 a factor of 90470?
False
Is 245 a multiple of 46?
False
Does 40 divide 552?
False
Is 4714 a multiple of 51?
False
Is 235 a multiple of 2?
False
Is 26795 a multiple of 24?
False
Does 27 divide 675?
True
Is 187 a multiple of 17?
True
Is 44 a factor of 1320?
True
Is 1210 a multiple of 64?
False
Is 7840 a multiple of 98?
True
Does 15 divide 1560?
True
Does 30 divide 710?
False
Is 66 a multiple of 3?
True
Is 171 a factor of 6485?
False
Is 611 a multiple of 13?
True
Does 50 divide 17377?
False
Does 2 divide 240?
True
Is 66 a factor of 5544?
True
Is 396 eve